 is -1002011011 - -1?
-1002011010
In base 9, what is -2865 - 1?
-2866
In base 7, what is 145 + -1?
144
In base 3, what is 100200121 + 11?
100200202
In base 4, what is 13 - -23?
102
In base 5, what is 10042 - 11?
10031
In base 6, what is 34333 - 1?
34332
In base 16, what is -14 + 1b2?
19e
In base 14, what is 1 + -18d?
-18c
In base 5, what is 143 + 10200?
10343
In base 9, what is 32 - 24?
7
In base 6, what is 5 - -144?
153
In base 6, what is -4 - 232?
-240
In base 2, what is 101 - -110100?
111001
In base 2, what is -1010 + 111?
-11
In base 7, what is -30 - -113?
53
In base 14, what is 2 + -1b67?
-1b65
In base 9, what is -672 + -14?
-686
In base 13, what is 240 - 3?
23a
In base 11, what is -423 + -1?
-424
In base 15, what is 8 + -b0?
-a7
In base 13, what is 1 + 77?
78
In base 16, what is 0 + -3a0?
-3a0
In base 10, what is 1 - -350?
351
In base 15, what is -1 - 7?
-8
In base 7, what is 106215 + 3?
106221
In base 3, what is 120 - -1211?
2101
In base 14, what is -33c - 0?
-33c
In base 6, what is -10 + -11122?
-11132
In base 7, what is -1 - -342?
341
In base 13, what is b48 + -2?
b46
In base 9, what is 2230 + 4?
2234
In base 5, what is -10231 + -2?
-10233
In base 8, what is -5 + 41?
34
In base 13, what is -10b - 1?
-10c
In base 14, what is -229 - -2?
-227
In base 2, what is -1000001000 - 10?
-1000001010
In base 6, what is 54 + 0?
54
In base 14, what is -6 + 325?
31d
In base 9, what is -13 - 280?
-303
In base 5, what is -1344 + 2?
-1342
In base 7, what is -223 - 0?
-223
In base 5, what is 0 - -120?
120
In base 9, what is 17 - 100?
-72
In base 5, what is -43 - 4?
-102
In base 2, what is 1100000100 - 1011?
1011111001
In base 14, what is -2 + b?
9
In base 8, what is 0 + -152?
-152
In base 12, what is 27aa + -4?
27a6
In base 12, what is 9 - -165?
172
In base 10, what is -2 + -1141?
-1143
In base 6, what is 1 - 11240?
-11235
In base 4, what is -33203 - 0?
-33203
In base 7, what is -1566 - 11?
-1610
In base 6, what is 43444 - 2?
43442
In base 12, what is 7 + -102?
-b7
In base 2, what is -111 - 11101001?
-11110000
In base 16, what is 3e + 3a?
78
In base 11, what is 90 + -2?
89
In base 5, what is 10 - -34?
44
In base 13, what is b9 - 75?
44
In base 9, what is -677 + 3?
-674
In base 6, what is -53 + 151?
54
In base 4, what is 1101133 - 10?
1101123
In base 15, what is 4 + 115?
119
In base 12, what is 2813 - -4?
2817
In base 16, what is -e + -190?
-19e
In base 12, what is -46 - 19?
-63
In base 15, what is 427 - 7?
420
In base 16, what is -3 + 32?
2f
In base 10, what is -5 - 438?
-443
In base 11, what is 106 - 0?
106
In base 8, what is -1120 + -1?
-1121
In base 16, what is 24 + -9?
1b
In base 13, what is -61 - -9?
-55
In base 7, what is -21 - -10?
-11
In base 14, what is -40 - 2?
-42
In base 14, what is -36 + -6?
-3c
In base 14, what is 3496 - 3?
3493
In base 15, what is 2 - -351?
353
In base 2, what is -100000 - 1010?
-101010
In base 9, what is -17 + -3?
-21
In base 11, what is -5 + -12?
-17
In base 3, what is -20 + 2102101?
2102011
In base 15, what is 2 - -47?
49
In base 15, what is -8 - -cdc?
cd4
In base 16, what is 5c + -1?
5b
In base 10, what is -2 - 20?
-22
In base 9, what is 21 + -1171?
-1150
In base 4, what is -2 - -12?
10
In base 11, what is -4 - -40?
37
In base 13, what is 1 + -1006?
-1005
In base 2, what is 10110 + 100000?
110110
In base 12, what is 7 + 8?
13
In base 4, what is -110010 - 10?
-110020
In base 2, what is 10100111100111 - 100?
10100111100011
In base 4, what is 22 - 202?
-120
In base 3, what is 1201 - -100?
2001
In base 14, what is 3469 - -3?
346c
In base 14, what is 189 + 5?
190
In base 7, what is 0 + -34?
-34
In base 3, what is 1100 - -201022?
202122
In base 16, what is -6 + d?
7
In base 12, what is 1b02 + -5?
1ab9
In base 13, what is -104 - -a?
-c7
In base 12, what is -173 - 5?
-178
In base 13, what is -3 + 54?
51
In base 9, what is -3 - 475?
-478
In base 14, what is 1a28 + -3?
1a25
In base 13, what is -2 + -1c4?
-1c6
In base 13, what is 220 + -18?
205
In base 2, what is 100 + -1000101?
-1000001
In base 9, what is -148 + -7?
-156
In base 5, what is -1 + 14334?
14333
In base 14, what is -240 + 3?
-23b
In base 7, what is -5 + 116?
111
In base 11, what is -3 - -31?
29
In base 6, what is 10 - -115?
125
In base 10, what is 1322 + 4?
1326
In base 10, what is 769 - 0?
769
In base 11, what is 6 - -2511?
2517
In base 14, what is 30 - -2?
32
In base 7, what is 42 + -64?
-22
In base 13, what is -5b - 19?
-77
In base 12, what is -1129a - -5?
-11295
In base 5, what is 101 - -1?
102
In base 11, what is 465 + -4?
461
In base 8, what is 223 + 5?
230
In base 13, what is -181c - 1?
-1820
In base 9, what is 4 - 144?
-140
In base 6, what is -5 + 515?
510
In base 13, what is -144 - -7?
-13a
In base 11, what is 6 + -23?
-18
In base 8, what is -23176 + -2?
-23200
In base 5, what is -2 - -2024?
2022
In base 10, what is 147 - -29?
176
In base 16, what is -57c + -2?
-57e
In base 8, what is -5 + -63?
-70
In base 3, what is -222 - -102021?
101022
In base 9, what is -23 + 118?
85
In base 2, what is -11 + -110111?
-111010
In base 6, what is 130232 + 2?
130234
In base 5, what is -1120 - -23?
-1042
In base 8, what is 120 + -4?
114
In base 15, what is -273 - 3?
-276
In base 9, what is -1313 - -1?
-1312
In base 7, what is -4 + -1?
-5
In base 16, what is -160 + 1?
-15f
In base 16, what is -30b2 - 5?
-30b7
In base 5, what is -10 - -122?
112
In base 5, what is -12301 - 200?
-13001
In base 6, what is 5 - 1034?
-1025
In base 5, what is 0 + 23433?
23433
In base 11, what is 285 + 5?
28a
In base 6, what is -110 - -1?
-105
In base 7, what is 4 + -665?
-661
In base 5, what is 4 - 1441?
-1432
In base 6, what is -2 + -103?
-105
In base 15, what is -6 + 121?
11a
In base 16, what is b9 - 1?
b8
In base 16, what is -289 + -1d?
-2a6
In base 12, what is -2 + 358?
356
In base 9, what is -1 - 741?
-742
In base 16, what is -189 + -d?
-196
In base 6, what is 310 - -121?
431
In base 5, what is -124 - -10244?
10120
In base 12, what is 471 + 14?
485
In base 13, what is 2 + -3b0?
-3ab
In base 6, what is -235 + -3?
-242
In base 2, what is -1011 + -11101110?
-11111001
In base 3, what is 1122021012 - -1?
1122021020
In base 15, what is 1c - -a6?
c3
In base 13, what is -72 - -76?
4
In base 10, what is -3 + 1537?
1534
In base 4, what is 22 + 23000?
23022
In base 12, what is 0 - 248?
-248
In base 8, what is 3 - 104?
-101
In base 14, what is 9 + 1305?
1310
In base 15, what is 2 - -2d?
30
In base 3, what is 1002 - -12?
1021
In base 15, what is 11 + -b0?
-9e
In base 8, what is 43 - -10?
53
In base 5, what is 204 + -1?
203
In base 3, what is 111 - 11102?
-10221
In base 7, what is 212 + 256?
501
In base 6, what is -523 - 5?
-532
In base 16, what is -3 - -23e?
23b
In base 6, what is -30 - -141?
111
In base 11, what is -3 + -43?
-46
In base 2, what is 110110001 + -11?
110101110
In base 6, what is 133 - -150?
323
In base 4, what is -32 - 3130?
-3222
In base 3, what is 101202 + -11?
101121
In base 12, what is 10 + 5b0?
600
In base 7, what is 440 - -40?
510
In base 14, what is 1a44 + -7?
1a3b
In base 4, what is -21011 - 112?
-21123
In base 16, what is 4 + 7?
b
In base 5, what is -44 - -2?
-42
In base 3, what is -211011 - 1?
-211012
In base 6, what is 1122 + -10?
1112
In base 13, what is 39a3 - -2?
39a5
In base 11, what is 506 - 5?
501
In base 10, what is -3 - -69?
66
In base 16, what is 3 + 20?
23
In base 11, what is 4 - 448?
-444
In base 10, what is 247 + 2?
249
In base 8, what is 76 + -4?
72
In base 16, what is -4 + 5d?
59
In base 2, what is -11111101 - 1000010?
-100111111
In base 2, what is -1000001000 - 0?
-1000001000
In base 10, what is 5 + -426?
-421
In base 16, what is -22 + -2?
-24
In base 7, what is -416 - -5?
-411
In base 13, what is 216 - -3?
219
In base 7, what is -2 + -511?
-513
In base 16, what is -2b - -5?
-26
In base 5, what is -4 + 203?
144
In base 2, what is -1001000101 - 110?
-1001001011
In base 11, what is -4 + 63a?
636
In base 15, what is 5eab + 2?
5ead
In base 9, what is -2157 - 4?
-2162
In base 13, what is -9 - -1a4?
198
In base 4, what is -3 + -12130?
-12133
In base 16, what is -16 - 9?
-1f
In base 14, what is -3ca7 - -4?
-3ca3
In base 10, what is 39 - 51?
-12
In base 2, what is -1000101 + -10?
-1000111
In base 4, what is 100 - -102?
202
In base 7, what is -2143 - 5?
-2151
In base 4, 